{"id":1817,"date":"2019-08-21T09:19:13","date_gmt":"2019-08-21T07:19:13","guid":{"rendered":"https:\/\/www.heikegail.ch\/?page_id=1817"},"modified":"2025-08-18T12:55:48","modified_gmt":"2025-08-18T10:55:48","slug":"ueber-mich","status":"publish","type":"page","link":"https:\/\/www.heikegail.ch\/index.php\/praxis\/ueber-mich\/","title":{"rendered":"\u00dcber mich"},"content":{"rendered":"<div class=\"wpb-content-wrapper\"><p>[vc_section full_width=&#8221;stretch_row&#8221; css=&#8221;.vc_custom_1567676950473{margin-top: 0px !important;margin-bottom: 100px !important;}&#8221;][vc_row content_placement=&#8221;middle&#8221;][vc_column css=&#8221;.vc_custom_1562588571366{margin-top: 50px !important;margin-bottom: 70px !important;padding-right: 50px !important;padding-left: 50px !important;}&#8221;][vc_column_text css=&#8221;&#8221;]<\/p>\n<h2 style=\"text-align: center;\">Heike Gail<\/h2>\n<h3 style=\"text-align: center;\">Meine berufliche Biografie zeigt sich vielseitig und vernetzt. Ich bin<br \/>\nmit der Natur verbunden und sch\u00f6pfe aus ihr die Kraft f\u00fcr die t\u00e4gliche<br \/>\nBegleitung von Menschen in verschiedenen Lebenssituationen.<\/h3>\n<h3 style=\"text-align: center;\"><\/h3>\n<p>[\/vc_column_text][\/vc_column][\/vc_row][vc_row][vc_column width=&#8221;1\/4&#8243; css=&#8221;.vc_custom_1562662735552{margin-bottom: 30px !important;}&#8221;][vc_column_text css=&#8221;&#8221;]<\/p>\n<h5>Wunderbare Gabe<\/h5>\n<p>Meine Grossmutter war eine begeisterte naturverbundene Frau. Sie lernte mich zu staunen, zu glauben, liebevoll und dankbar zu sein.<\/p>\n<p>Sie legte den Grundstein f\u00fcr mein heutiges ganzheitliches Denken und f\u00fcr meine enge Verbindung zur Natur. Daraus entwickelte sich f\u00fcr mein Leben und mein Arbeiten eine grosse Achtsamkeit und Liebe f\u00fcr Menschen, Tiere und die gesamte Natur. Daf\u00fcr danke ich ihr von ganzem Herzen.[\/vc_column_text][\/vc_column][vc_column width=&#8221;3\/4&#8243;][vc_column_text css=&#8221;.vc_custom_1749223810644{margin-bottom: 30px !important;padding-right: 100px !important;}&#8221;]<\/p>\n<h5>Mein Werdegang<\/h5>\n<p>Schon als Kind hatte ich nur einen Berufswunsch: Menschen auf ihrem Weg zum Gesund werden und zum Gesund sein zu unterst\u00fctzen und sie auf ihren unterschiedlichsten Wegen zu begleiten. So lernte ich zuerst den Beruf der <strong>Dipl. Pflegefachfrau<\/strong> indem ich in verschiedenen Spit\u00e4lern und in Pflegeheimen arbeitete.[\/vc_column_text][vc_column_text css=&#8221;.vc_custom_1749039978137{margin-bottom: 30px !important;}&#8221;]<\/p>\n<h5>Meine Ausbildungen<\/h5>\n<p><strong>2024<\/strong> \u2013<strong> 2025<\/strong>\u00a0 CAS Resilienz und positive Psychologie <a href=\"https:\/\/achtsamkeit.swiss\/\">Akademie f\u00fcr Achtsamkeit<\/a><\/p>\n<p><strong>2023<\/strong> \u2013<strong> 2023<\/strong>\u00a0 Bewegungslehrerin nach <a href=\"https:\/\/www.liebscher-bracht.com\/\" target=\"_blank\" rel=\"noopener\">Liebscher &amp; Bracht<\/a><\/p>\n<p><strong>2022<\/strong> \u2013<strong> 2022<\/strong>\u00a0 MBSR <span class=\"ILfuVd\" lang=\"de\"><span class=\"hgKElc\">\u00abMindfulness-Based Stress Reduction\u00bb 8 Wochen <\/span><\/span>Kurs<\/p>\n<p><strong>2021<\/strong> \u2013<strong> 2021<\/strong> Osteopressur Kurs <a href=\"https:\/\/www.liebscher-bracht.com\/\" target=\"_blank\" rel=\"noopener\">Liebscher &amp; Bracht<\/a><\/p>\n<p><strong>2020<\/strong> \u2013<strong> 2020<\/strong> Schmerztherapie nach <a href=\"https:\/\/www.liebscher-bracht.com\/\" target=\"_blank\" rel=\"noopener\">Liebscher &amp; Bracht<\/a><\/p>\n<p><strong>2017<\/strong> \u2013<strong> 2019<\/strong> Co-Leiterin in der Polarity Ausbildung am <a href=\"https:\/\/institutapk.ch\/\" target=\"_blank\" rel=\"noopener\">APK Thalwil<\/a><\/p>\n<p><strong>2015 \u2013 2015<\/strong> Ausbildnerin SVEB 1 <a href=\"http:\/\/www.lernwerkstatt.ch\" target=\"_blank\" rel=\"noopener\">Lernwerkstatt Olten<\/a><\/p>\n<p><strong>2015 \u2013 2015<\/strong> Dipl. Polaritytherapeutin mit Branchenzertifikat OdA KT<\/p>\n<p><strong>2013 \u2013 2014<\/strong> Systemische Aufstellungen &amp; Meditation<\/p>\n<p><strong>2009 \u2013 2013<\/strong> Dipl. Naturheilpraktikerin<strong>\u00a0<\/strong>[\/vc_column_text][\/vc_column][\/vc_row][\/vc_section][vc_section full_width=&#8221;stretch_row&#8221; css=&#8221;.vc_custom_1562595710368{padding-top: 40px !important;padding-bottom: 40px !important;background-color: #fffdea !important;}&#8221;][vc_row][vc_column width=&#8221;1\/4&#8243;][vc_single_image image=&#8221;4979&#8243; alignment=&#8221;center&#8221; style=&#8221;vc_box_rounded&#8221; css=&#8221;&#8221;][\/vc_column][vc_column width=&#8221;3\/4&#8243;][vc_column_text]<strong><span style=\"color: #662483;\">Als gelernte Pflegefachfrau bestens vertraut mit der Schulmedizin, nutze ich als Naturheilprakterin ebenso die heilenden Kr\u00e4fte der Natur. In der Vernetzung und Verkn\u00fcpfung beider Fachbereiche sehe ich den Schl\u00fcssel zum Gesundsein und Gesundwerden. <\/span><\/strong><\/p>\n<p><strong><span style=\"color: #662483;\">Heute ist es mein Ziel und mir eine grosse Freude, Menschen auf ihren individuellen, unterschiedlichsten Wegen zum Gesundwerden und Gesundsein zu begleiten.<\/span><\/strong>[\/vc_column_text][\/vc_column][\/vc_row][\/vc_section][vc_section full_width=&#8221;stretch_row&#8221; css=&#8221;.vc_custom_1562600942568{padding-top: 50px !important;padding-bottom: 40px !important;background-color: #662483 !important;}&#8221; el_class=&#8221;boxNegativ&#8221;][vc_row][vc_column][vc_column_text css=&#8221;.vc_custom_1754902708402{margin-bottom: 50px !important;padding-right: 50px !important;padding-left: 50px !important;}&#8221; el_class=&#8221;negativ&#8221;]<\/p>\n<h3 style=\"text-align: center;\"><strong>Jenseits von Richtig und Falsch &#8211; l<\/strong><strong>iegt ein Ort &#8211; d<\/strong><strong>ort treffen wir uns<\/strong><\/h3>\n<p style=\"text-align: center;\"><strong>Rumi<\/strong><\/p>\n<p>[\/vc_column_text][\/vc_column][\/vc_row][\/vc_section][vc_row full_width=&#8221;stretch_row_content_no_spaces&#8221; css=&#8221;.vc_custom_1562595857753{margin-top: 0px !important;padding-top: 0px !important;background-position: center !important;background-repeat: no-repeat !important;background-size: cover !important;}&#8221;][vc_column css=&#8221;.vc_custom_1562595845583{margin-top: 0px !important;padding-top: 0px !important;}&#8221;][\/vc_column][\/vc_row]<\/p>\n<\/div>","protected":false},"excerpt":{"rendered":"<p>[vc_section full_width=&#8221;stretch_row&#8221; css=&#8221;.vc_custom_1567676950473{margin-top: 0px !important;margin-bottom: 100px !important;}&#8221;][vc_row content_placement=&#8221;middle&#8221;][vc_column css=&#8221;.vc_custom_1562588571366{margin-top: 50px !important;margin-bottom: 70px !important;padding-right: 50px !important;padding-left: 50px !important;}&#8221;][vc_column_text css=&#8221;&#8221;] Heike Gail Meine berufliche Biografie zeigt sich vielseitig und vernetzt. Ich bin &hellip; <\/p>\n","protected":false},"author":1,"featured_media":3629,"parent":955,"menu_order":0,"comment_status":"closed","ping_status":"closed","template":"","meta":{"_monsterinsights_skip_tracking":false,"_monsterinsights_sitenote_active":false,"_monsterinsights_sitenote_note":"","_monsterinsights_sitenote_category":0,"footnotes":""},"class_list":["post-1817","page","type-page","status-publish","has-post-thumbnail","hentry","latest_post"],"_links":{"self":[{"href":"https:\/\/www.heikegail.ch\/index.php\/wp-json\/wp\/v2\/pages\/1817","targetHints":{"allow":["GET"]}}],"collection":[{"href":"https:\/\/www.heikegail.ch\/index.php\/wp-json\/wp\/v2\/pages"}],"about":[{"href":"https:\/\/www.heikegail.ch\/index.php\/wp-json\/wp\/v2\/types\/page"}],"author":[{"embeddable":true,"href":"https:\/\/www.heikegail.ch\/index.php\/wp-json\/wp\/v2\/users\/1"}],"replies":[{"embeddable":true,"href":"https:\/\/www.heikegail.ch\/index.php\/wp-json\/wp\/v2\/comments?post=1817"}],"version-history":[{"count":60,"href":"https:\/\/www.heikegail.ch\/index.php\/wp-json\/wp\/v2\/pages\/1817\/revisions"}],"predecessor-version":[{"id":5002,"href":"https:\/\/www.heikegail.ch\/index.php\/wp-json\/wp\/v2\/pages\/1817\/revisions\/5002"}],"up":[{"embeddable":true,"href":"https:\/\/www.heikegail.ch\/index.php\/wp-json\/wp\/v2\/pages\/955"}],"wp:featuredmedia":[{"embeddable":true,"href":"https:\/\/www.heikegail.ch\/index.php\/wp-json\/wp\/v2\/media\/3629"}],"wp:attachment":[{"href":"https:\/\/www.heikegail.ch\/index.php\/wp-json\/wp\/v2\/media?parent=1817"}],"curies":[{"name":"wp","href":"https:\/\/api.w.org\/{rel}","templated":true}]}}