{"id":1523,"date":"2018-09-19T10:41:22","date_gmt":"2018-09-19T08:41:22","guid":{"rendered":"https:\/\/www.heikegail.ch\/?page_id=1523"},"modified":"2025-06-03T17:04:08","modified_gmt":"2025-06-03T15:04:08","slug":"impressum","status":"publish","type":"page","link":"https:\/\/www.heikegail.ch\/index.php\/impressum\/","title":{"rendered":"Impressum"},"content":{"rendered":"<div class=\"wpb-content-wrapper\"><p>[vc_row css=&#8221;.vc_custom_1567685730903{margin-top: 100px !important;margin-bottom: 100px !important;}&#8221;][vc_column width=&#8221;1\/4&#8243;][vc_column_text]<\/p>\n<h3>Inhaberin<\/h3>\n<p><strong>Komplement\u00e4rtherapie<\/strong><br \/>\n<strong> Heike Gail<\/strong><br \/>\nHofacker 3, 6213 Knutwil<br \/>\n079 795 51 69<br \/>\ngesund@heikegail.ch[\/vc_column_text][\/vc_column][vc_column width=&#8221;3\/4&#8243;][vc_column_text]<\/p>\n<h3><strong>Haftungsausschluss<\/strong><\/h3>\n<p>Alle Angaben erfolgen ohne Gew\u00e4hr. Insbesondere gibt es keine Gew\u00e4hr f\u00fcr Richtigkeit und Qualit\u00e4t der bereitgestellten Informationen. Eine Haftung f\u00fcr Sch\u00e4den materieller, ideeller oder psychologischer Art, welche durch die Nutzung oder Nichtnutzung der dargebotenen Informationen bzw. durch die Nutzung fehlerhafter, veralteter oder unvollst\u00e4ndiger Informationen verursacht wurden, ist grunds\u00e4tzlich ausgeschlossen.<\/p>\n<p>&nbsp;<\/p>\n<h3><strong>Datenschutz<\/strong><\/h3>\n<p>Bei einem Besuch unserer Internetseiten und deren Unterseiten werden keine personenbezogenen Daten erhoben. Keine Abmahnung ohne vorherige Kontaktaufnahme! Sollten Teile dieser Webseite gegen geltendes Recht verstossen, werden wir dies umgehend \u00e4ndern! Inhaltlich Verantwortlicher (Name und Anschrift wie oben)<\/p>\n<p>&nbsp;<\/p>\n<h3><strong>Hyperlinks<\/strong><\/h3>\n<p>Keinerlei Gew\u00e4hr f\u00fcr Vollst\u00e4ndigkeit, Richtigkeit und Aktualit\u00e4t. Alle Angebote sind unverbindlich. Jegliche Haftung ist ausgeschlossen. Trotz sorgf\u00e4ltiger inhaltlicher Kontrolle \u00fcbernehmen wir keine Haftung f\u00fcr die Inhalte externer Links. F\u00fcr den Inhalt der verlinkten Seiten sind ausschliesslich deren Betreiber verantwortlich.<\/p>\n<p>&nbsp;<\/p>\n<h3><strong>Copyright<\/strong><\/h3>\n<p>Alle auf dieser Website gezeigten Aufnahmen, speziellen textlichen Inhalte, Adressen sowie s\u00e4mtliche dynamischen Inhalte unterliegen dem Urheberrecht, sind also urheberrechtlich gesch\u00fctzt. Jegliche Nutzung sowohl privat als auch gewerblich, ist deshalb unzul\u00e4ssig und wird rechtlich verfolgt. Auch die Verwendung auf privaten Internetseiten ist ohne die vorherige, schriftliche Zustimmung nicht zul\u00e4ssig.<\/p>\n<p>&nbsp;<\/p>\n<h3><strong>Idee, Gestaltung &amp; Umsetzung<\/strong><\/h3>\n<p>SKISS GmbH<br \/>\nVonmattstrasse 46<br \/>\n6003 Luzern[\/vc_column_text][\/vc_column][\/vc_row]<\/p>\n<\/div>","protected":false},"excerpt":{"rendered":"<p>[vc_row css=&#8221;.vc_custom_1567685730903{margin-top: 100px !important;margin-bottom: 100px !important;}&#8221;][vc_column width=&#8221;1\/4&#8243;][vc_column_text] Inhaberin Komplement\u00e4rtherapie Heike Gail Hofacker 3, 6213 Knutwil 079 795 51 69 gesund@heikegail.ch[\/vc_column_text][\/vc_column][vc_column width=&#8221;3\/4&#8243;][vc_column_text] Haftungsausschluss Alle Angaben erfolgen ohne Gew\u00e4hr. Insbesondere gibt es &hellip; <\/p>\n","protected":false},"author":1,"featured_media":0,"parent":0,"menu_order":0,"comment_status":"closed","ping_status":"closed","template":"","meta":{"_monsterinsights_skip_tracking":false,"_monsterinsights_sitenote_active":false,"_monsterinsights_sitenote_note":"","_monsterinsights_sitenote_category":0,"footnotes":""},"class_list":["post-1523","page","type-page","status-publish","hentry","latest_post"],"_links":{"self":[{"href":"https:\/\/www.heikegail.ch\/index.php\/wp-json\/wp\/v2\/pages\/1523","targetHints":{"allow":["GET"]}}],"collection":[{"href":"https:\/\/www.heikegail.ch\/index.php\/wp-json\/wp\/v2\/pages"}],"about":[{"href":"https:\/\/www.heikegail.ch\/index.php\/wp-json\/wp\/v2\/types\/page"}],"author":[{"embeddable":true,"href":"https:\/\/www.heikegail.ch\/index.php\/wp-json\/wp\/v2\/users\/1"}],"replies":[{"embeddable":true,"href":"https:\/\/www.heikegail.ch\/index.php\/wp-json\/wp\/v2\/comments?post=1523"}],"version-history":[{"count":11,"href":"https:\/\/www.heikegail.ch\/index.php\/wp-json\/wp\/v2\/pages\/1523\/revisions"}],"predecessor-version":[{"id":3586,"href":"https:\/\/www.heikegail.ch\/index.php\/wp-json\/wp\/v2\/pages\/1523\/revisions\/3586"}],"wp:attachment":[{"href":"https:\/\/www.heikegail.ch\/index.php\/wp-json\/wp\/v2\/media?parent=1523"}],"curies":[{"name":"wp","href":"https:\/\/api.w.org\/{rel}","templated":true}]}}